he units digit of j?
8
Let k be (-2)/(-4) + (-6)/(-4). Suppose 0*f + 3*q + 42 = 2*f, -k*f + 56 = 4*q. What is the units digit of f?
4
Let l(z) = -z**2 - 8*z - 7. Let d be l(-6). Suppose 2*w + 21 = -4*r + 7, 0 = 2*r + d*w - 13. What is the units digit of r*4/30*-10?
8
Let d be 4 + -1 - (0 + -11). Suppose 0 = 3*i - d - 67. What is the tens digit of i?
2
Let s(g) = g. Let k(m) = -7*m + 4. Let x(c) = k(c) + 6*s(c). Let v be x(3). What is the units digit of 1 + (-1)/v*0?
1
Let j be 2/(-4) - (-1)/2. Suppose -2*n + 3*n = j. Suppose 6 = 3*l - 5*m, -5*l = -m - n*m - 32. What is the units digit of l?
7
Let a(j) = -3*j**2 + 1 + 6*j**2 + 2*j**2. Suppose 1 = -2*i + i. What is the units digit of a(i)?
6
Suppose 0*x + x - 55 = 0. What is the tens digit of x?
5
Suppose 3*b - 3*h = 168, -6*b + b - 3*h + 272 = 0. What is the units digit of b?
5
Suppose 48 = -4*o + l, -4*l - l - 24 = 2*o. What is the units digit of (-6)/4*104/o?
3
Suppose -4*k - 153 + 476 = -3*l, -4*l = 5*k - 396. What is the units digit of k?
0
Let u = 2 - -4. Let a = 4 + u. What is the units digit of a?
0
What is the tens digit of -3 + ((-4)/(-12) - (-233)/3)?
7
Let x(b) = -b - 9. Let t be x(-5). Let i = t - -4. Suppose i*r + 21 = r. What is the units digit of r?
1
Let b(j) = j. Let f(l) = 1 - 3 - 3*l + 0*l. Let n(p) = 10*b(p) + 2*f(p). What is the units digit of n(3)?
8
Let v(h) = -h**2 - 4*h + 7. Suppose -q + 1 + 1 = 0, -5*f - 2*q = 21. What is the units digit of v(f)?
2
What is the units digit of (15/(-20))/((-1)/12)?
9
Let a(s) = -s**2 - 14*s + 17. Let t(m) = m**3 - 5*m**2 - m - 7. Let p be t(5). What is the units digit of a(p)?
1
Let b be (22/6)/(1/(-3)). Let v = b - -26. What is the units digit of v?
5
Let j(f) = -f**3 + 4*f**2 - f + 9. Let q(n) = -n**3 - 2*n**2 + 4*n + 7. Let i be q(-3). What is the units digit of j(i)?
5
Suppose y + 10 - 11 = 0. What is the units digit of y?
1
Let l(j) = -j**3 - 6*j**2 - 4*j - 4. Let x be l(-6). What is the units digit of (32/x)/((-2)/(-10))?
8
Let m = 96 - 52. What is the tens digit of m?
4
Suppose 4*m - m + 21 = 0. Let h(x) = -4*x**2 + 4*x + 9. Let d(v) = v**2 + v. Let b(j) = -5*d(j) - h(j). What is the units digit of b(m)?
5
Suppose 0*l = -4*l - 4. What is the tens digit of (-43 + 1)*l/3?
1
Suppose c = -5*c + 462. What is the units digit of c?
7
Suppose -17 + 2 = -3*g. Suppose -g*j + 31 = 3*i, 2*i = -4*j + 31 - 7. Let c = i + 9. What is the units digit of c?
1
Let l(h) = 3*h - 4*h + 15 - 2*h**2 + h**2. Let z be l(0). Suppose 0 = -2*m + 7 + z. What is the units digit of m?
1
Let s(h) = 26*h**2 - 4*h**2 + 2*h - 1 - 10*h**2. Let b(c) = c**2 + 7*c - 7. Let d be b(-8). What is the units digit of s(d)?
3
Let g = 25 + -17. Suppose g = 5*c - 12. What is the units digit of c?
4
Suppose 4 = 4*z - 2*z. Let g(o) = -7 - 4 + 8*o + 2 + o**2 - 2*o**z. What is the units digit of g(6)?
3
Let g = 7 - 2. Let x = 7 - g. What is the units digit of x?
2
Let n = -25 + 35. Suppose -3*g = 2*g - 120. Suppose 2*l + n - g = 0. What is the units digit of l?
7
Let c = 1 + 2. Suppose -l + c + 1 = 0. Let g = l - -9. What is the units digit of g?
3
Let i(o) = -o - 1. Let v be i(3). Let h(l) = -6*l - 3*l**2 + 21 + 3*l**2 - l**2 - 27. What is the units digit of h(v)?
2
Let o be ((-4)/((-8)/6))/1. Suppose c = -c + z + 17, 4*c + o*z = 19. Suppose -4*q = -c*q + 21. What is the units digit of q?
7
Let l(i) = i**3 + 8*i**2 + 2. What is the tens digit of l(-4)?
6
Let s = 346 - 13. What is the units digit of s?
3
Suppose p + p = 10. Let k(j) = 2*j**2 - 8*j + 7. What is the tens digit of k(p)?
1
Let o(s) = -s + 8. Let m be o(7). Let d = m - -1. Suppose -d*i + 11 = -3. What is the units digit of i?
7
Let h = -33 - 5. Let p = h - -62. Suppose 0 = b - 4*b + p. What is the units digit of b?
8
Suppose 551 = 5*l - 39. What is the hundreds digit of l?
1
Let d(q) = -29*q + 23. What is the hundreds digit of d(-4)?
1
Let g = 8 + -5. Suppose d - 3*z = -1 - 8, -3*z = -2*d - 9. Suppose 2*y = -6, d*y = -5*h - g*y + 16. What is the units digit of h?
5
Let n(v) = 2*v**2 - 7*v - 5. Let x(s) = 3*s**2 - 8*s - 5. Let k(h) = -4*n(h) + 3*x(h). What is the units digit of k(4)?
7
Let g be (-1 + -1)*(-1)/1. Suppose 0 = -3*u - g + 8. Suppose -b + 6*y = u*y + 3, 3*y - 9 = 0. What is the units digit of b?
9
What is the hundreds digit of ((-66)/8)/((-18)/84)*6?
2
Let c = -255 + 396. What is the units digit of c?
1
Let i = 42 - 23. Suppose 5*x + r = 64, 3*r - 53 - i = -5*x. What is the units digit of x?
2
What is the tens digit of (22 - -2) + -3 + 1?
2
Let k be 3/(-3) - (7 - 2). Let i be ((-3)/k)/((-2)/8). What is the units digit of (i - 1)/(1 + -2)?
3
Let g = -16 - -12. What is the tens digit of -7*4*g/8?
1
Let v be 2*2 - (-6 - -7). Let z = 5 + v. Let o = -1 + z. What is the units digit of o?
7
Suppose 5*x = 4*x - 4, -5*l - 5*x = 10. Let k = l + -9. Let t(f) = -f**2 - 10*f - 7. What is the tens digit of t(k)?
1
Let t(b) be the third derivative of -b**5/60 + 11*b**4/24 + 5*b**3/2 - 3*b**2. What is the units digit of t(12)?
3
Let q(v) = 3*v**2 - v - 2. Let t(c) = 13*c**2 - 4*c - 9. Let r(m) = 9*q(m) - 2*t(m). Let l be r(-3). Suppose l = -i + 3*i. What is the units digit of i?
6
Let d = 77 - -143. What is the units digit of d?
0
Let s(c) = c**2 - 6*c - 19. What is the units digit of s(9)?
8
Let h(d) = d**2 - 2. What is the tens digit of h(-4)?
1
Let l(u) = 7*u**2 + 2*u + 1. Let q be l(-2). Let s = 37 - q. What is the tens digit of s?
1
Suppose -4*q = -3*i - 0*q + 163, 0 = -2*i - 2*q + 132. What is the tens digit of i?
6
Let z(v) = -v + 12. Let h(n) = 2*n - 18. Let j(l) = 5*h(l) + 7*z(l). What is the units digit of j(5)?
9
Suppose 5*a - 83 = 2*f, -18 = 5*f - 3*a + 142. Let l = f + 44. What is the units digit of l?
5
Suppose 3 - 1 = z + 4*x, 4*x + 8 = 0. Let t be (6/(-15))/(2/z). What is the units digit of ((-10)/15)/(t/15)?
5
Let u(w) be the third derivative of -w**4/12 - w**3/2 + w**2. Let q = -6 + 0. What is the units digit of u(q)?
9
Let x be 7/(-1 - 6/(-4)). Suppose 4*a + x = 5*a. What is the units digit of a?
4
Let o be (-4)/(-1) + 0 + -2. Suppose -3*c = -5*p - 174, -2*c - p = 2*c - 232. Suppose b - 3*i - 26 = 0, o*b + 11 = 5*i + c. What is the units digit of b?
1
Let n(i) be the first derivative of 23*i**3/3 - 4. What is the tens digit of n(1)?
2
Let v = 6 + 7. What is the tens digit of v?
1
Let x(n) = -n**2 - 4*n + 4. Suppose 0 = -2*l - 3*l - 25. Let h be x(l). Let j = 10 + h. What is the units digit of j?
9
Let o(h) = h**3 + h**2 - 3*h - 3. Let w be o(-2). Let i = 4 - w. Suppose 20 = 2*t - 4*d, i*t - d - 24 = -4*d. What is the units digit of t?
6
Let d(v) = -v**3 + 6*v**2 - 4*v - 2. Let j be d(5). Suppose j*g = 5*g - 18. What is the units digit of g?
9
What is the units digit of (26/8)/(30/(-16) - -2)?
6
Suppose 0 = -3*q - 2*w + 25, 5*q - 43 = -w - 3*w. Let t = q - 5. What is the units digit of t?
2
Suppose -3*r + 4*r - 36 = 0. What is the tens digit of r?
3
Let m(j) = 5*j**2 - 10*j - 5. What is the tens digit of m(5)?
7
Suppose -2*t - 4 = -2*p + 6, 0 = 3*p + 5*t - 31. What is the units digit of p?
7
Suppose -u + 5 = -0*u. What is the units digit of 0 + (19 - (u + -3))?
7
Let h = -33 + 47. What is the units digit of h?
4
Let l be (-4 - -3)/((-3)/15). Let i(q) = 2*q - 4. What is the units digit of i(l)?
6
Let t be 0/(4 + (-3)/1). Suppose 0 = -b + 3*i - 18, 0 = -3*b - b + 2*i - 32. Let l = t - b. What is the units digit of l?
6
Let u(m) = -m**3 - 9*m**2 + 2*m + 16. What is the units digit of u(-10)?
6
Suppose -3*p + 5 = -7. What is the units digit of p?
4
Let l(n) = -n**3 + n**2 - n. Let t be l(-2). Let b = t - 6. What is the units digit of b?
8
Let n = 54 - 14. Let t be (-1)/3 - (-38)/6. What is the units digit of n/t - (-3)/9?
7
Let h(j) = -5*j - 5. Let m(l) = -11*l - 10. Let v(d) = -13*h(d) + 6*m(d). What is the units digit of v(2)?
3
Suppose -7 = -w - 6. Let k = 1 + w. Let j(c) = 6*c + 1. What is the units digit of j(k)?
3
Suppose 2*j - 96 = -g, g - 66 = -j - 20. Suppose l + j = 6*l. What is the units digit of l?
0
Let g(a) = -a + 11. Let r be g(9). Suppose 5 = r*w + 1. What is the units digit of w?
2
Suppose 4 - 1 = g. Suppose g*u = -2*t + 7*t + 47, 4*t = 4*u - 60. What is the tens digit of 6/(-7)*(0 - u)?
1
What is the units digit of (-7)/(-1)*9/4*4?
3
Let f(l) = l + 2. Let p be f(4). Suppose v + 4 = -5*h, -